{"id":8082,"date":"2018-10-01T21:21:22","date_gmt":"2018-10-01T21:21:22","guid":{"rendered":"https:\/\/gsgrupo.com\/historia\/"},"modified":"2019-03-11T12:27:57","modified_gmt":"2019-03-11T12:27:57","slug":"geschichte","status":"publish","type":"page","link":"https:\/\/gsgrupo.com\/de\/geschichte","title":{"rendered":"Geschichte"},"content":{"rendered":"<div id=\"pl-8082\"  class=\"panel-layout\" ><div id=\"pg-8082-0\"  class=\"panel-grid panel-no-style\" ><div id=\"pgc-8082-0-0\"  class=\"panel-grid-cell\" >              <div id=\"panel-8082-0-0-0\" class=\"so-panel widget widget_modulo_cabecera panel-first-child\" data-index=\"0\" >              <div class=\"modulo cabecera externa\">\n                                <div class=\"titulo columna\">\n                    <h1>\n                        <span class=\"azul fs26 light efecto\" data-aos=\"sube\" data-aos-duration=\"800\">\n                            Unsere geschichte                        <\/span>\n                    <\/h1>\n                     \n                <\/div>\n                 \n                <div class=\"contenido columna efecto\" data-aos=\"sube-parrafo\" data-aos-duration=\"800\" data-aos-delay=\"100\">\n                                 <h2 class=\"azul fs26 bold\">Wir bauen seit 1952 Erzeugnisse h\u00f6chster Qualit\u00e4t an.\n<\/h2>\n                 \n                <\/div>\n             <\/div>\n              <\/div>              <div id=\"panel-8082-0-0-1\" class=\"so-panel widget widget_modulo_timeline panel-last-child\" data-index=\"1\" >              <div class=\"modulo timeline\">\n                <div class=\"indicador\">\n                    <span class=\"azul fs26 light\" data-aos=\"sube-parrafo\" data-aos-duration=\"800\">\n                    Durchsuchen                    <\/span>\n                    <div class=\"raya\" data-aos=\"capa-vertical\" data-aos-duration=\"1000\">\n                    <\/div>\n                <\/div>\n                                <div class=\"fecha\">\n                        <div class=\"btn-timeline\" data-aos=\"sube-parrafo\" >\n                        <h4 class=\"azul-claro bold fs55 link\">1952<\/h4>\n                        <\/div>\n                        <div class=\"contenedor\">\n                            <div class=\"img\" style=\"background-image:url('https:\/\/gsgrupo.com\/wp-content\/uploads\/2018\/10\/GES_historia_1952.jpg');\">\n                                <div data-aos=\"barre-foto\" data-aos-delay=\"300\" class=\"capa\"><\/div>\n                            <\/div>\n                            <div class=\"texto\" data-aos=\"sube-parrafo\">\n                                <p class=\"azul bold fs26\">Guy Shropshire startet mit 120 ha im britischen Fordey (Cambridgeshire).<\/p>\n                            <\/div>\n                       <\/div>\n                <\/div>\n                                                                <div class=\"fecha\">\n                        <div class=\"btn-timeline\" data-aos=\"sube-parrafo\">\n                        <h4 class=\"azul-claro bold fs55 link\">1957<\/h4>\n                        <\/div>\n                        <div class=\"contenedor\" data-aos=\"sube-parrafo\">\n                            <div class=\"img\" style=\"background-image:url('https:\/\/gsgrupo.com\/wp-content\/uploads\/2018\/10\/GES_conocenos_1957-5.jpg');\">\n                                <div data-aos=\"barre-foto\" data-aos-delay=\"300\" class=\"capa\"><\/div>\n                            <\/div>\n                            <div class=\"texto\" data-aos=\"sube-parrafo\">\n                                <p class=\"azul bold fs26\">Erstes Waschen und Verpacken von Sellerie.<\/p>\n                            <\/div>\n                       <\/div>\n                <\/div>\n                                \n                                <div class=\"fecha\">\n                        <div class=\"btn-timeline\" data-aos=\"sube-parrafo\">\n                        <h4 class=\"azul-claro bold fs55 link\">1960<\/h4>\n                        <\/div>\n                        <div class=\"contenedor\" data-aos=\"sube-parrafo\">\n                            <div class=\"img\" style=\"background-image:url('https:\/\/gsgrupo.com\/wp-content\/uploads\/2018\/10\/GES_historia_1960-2.jpg');\">\n                                <div data-aos=\"barre-foto\" data-aos-delay=\"300\" class=\"capa\"><\/div>\n                            <\/div>\n                            <div class=\"texto\" data-aos=\"sube-parrafo\">\n                                <p class=\"azul bold fs26\">Erweiterung von 300 auf 680 ha. Einf\u00fchrung der Marke G's.<\/p>\n                            <\/div>\n                       <\/div>\n                <\/div>\n                                                <div class=\"fecha\">\n                        <div class=\"btn-timeline\" data-aos=\"sube-parrafo\">\n                        <h4 class=\"azul-claro bold fs55 link\">1970<\/h4>\n                        <\/div>\n                        <div class=\"contenedor\" data-aos=\"sube-parrafo\">\n                            <div class=\"img\" style=\"background-image:url('https:\/\/gsgrupo.com\/wp-content\/uploads\/2018\/10\/GES_historia_1970-1.jpg');\">\n                                <div data-aos=\"barre-foto\" data-aos-delay=\"300\" class=\"capa\"><\/div>\n                            <\/div>\n                           <div class=\"texto\" data-aos=\"sube-parrafo\">\n                                <p class=\"azul bold fs26\">Das Unternehmen geht vom Vater auf den Sohn \u00fcber. John Shropshire tritt G's bei. <\/p>\n                            <\/div>\n                       <\/div>\n                <\/div>\n                                                <div class=\"fecha\">\n                        <div class=\"btn-timeline\" data-aos=\"sube-parrafo\">\n                        <h4 class=\"azul-claro bold fs55 link\">1980<\/h4>\n                        <\/div>\n                        <div class=\"contenedor\" data-aos=\"sube-parrafo\">\n                            <div class=\"img\" style=\"background-image:url('https:\/\/gsgrupo.com\/wp-content\/uploads\/2018\/10\/GES_historia_1980-1.jpg');\">\n                                <div data-aos=\"barre-foto\" data-aos-delay=\"300\" class=\"capa\"><\/div>\n                            <\/div>\n                           <div class=\"texto\" data-aos=\"sube-parrafo\">\n                                <p class=\"azul bold fs26\">Erweiterung der Anbaufl\u00e4che auf bis zu 2300 ha. Einf\u00fchrung des Anbaus von Eisbergsalat, Chinakohl und Little Gem. Peter Shropshire tritt in das Familienunternehmen ein.<\/p>\n                            <\/div>\n                       <\/div>\n                <\/div>\n                                                <div class=\"fecha\">\n                        <div class=\"btn-timeline\" data-aos=\"sube-parrafo\">\n                        <h4 class=\"azul-claro bold fs55 link\">1984<\/h4>\n                        <\/div>\n                        <div class=\"contenedor\" data-aos=\"sube-parrafo\">\n                            <div class=\"img\" style=\"background-image:url('https:\/\/gsgrupo.com\/wp-content\/uploads\/2018\/10\/GES_historia_1984.jpg');\">\n                                <div data-aos=\"barre-foto\" data-aos-delay=\"300\" class=\"capa\"><\/div>\n                            <\/div>\n                            <div class=\"texto\" data-aos=\"sube-parrafo\">\n                                <p class=\"azul bold fs26\">Einf\u00fchrung der Genossenschaft G's Growers sowie Bildung des ersten Marketingunternehmens der Gruppe und damit Einf\u00fchrung des neuen Logos <\/p>\n                            <\/div>\n                       <\/div>\n                <\/div>\n                                                <div class=\"fecha\">\n                        <div class=\"btn-timeline\" data-aos=\"sube-parrafo\">\n                        <h4 class=\"azul-claro bold fs55 link\">1985<\/h4>\n                        <\/div>\n                        <div class=\"contenedor\" data-aos=\"sube-parrafo\">\n                            <div class=\"img\" style=\"background-image:url('https:\/\/gsgrupo.com\/wp-content\/uploads\/2018\/10\/GES_historia_1985-1.jpg');\">\n                                <div data-aos=\"barre-foto\" data-aos-delay=\"300\" class=\"capa\"><\/div>\n                            <\/div>\n                            <div class=\"texto\" data-aos=\"sube-parrafo\">\n                                <p class=\"azul bold fs26\">Gr\u00fcndung der Tochtergesellschaft G's Espa\u00f1a.<\/p>\n                            <\/div>\n                       <\/div>\n                <\/div>\n                                                <div class=\"fecha\">\n                        <div class=\"btn-timeline\" data-aos=\"sube-parrafo\">\n                        <h4 class=\"azul-claro bold fs55 link\">1990<\/h4>\n                        <\/div>\n                        <div class=\"contenedor\" data-aos=\"sube-parrafo\">\n                            <div class=\"img\" style=\"background-image:url('https:\/\/gsgrupo.com\/wp-content\/uploads\/2018\/10\/GES_historia_1990-4.jpg');\">\n                                <div data-aos=\"barre-foto\" data-aos-delay=\"300\" class=\"capa\"><\/div>\n                            <\/div>\n                           <div class=\"texto\" data-aos=\"sube-parrafo\">\n                                <p class=\"azul bold fs26\">Zu Beginn des Jahrzehnts erweitert G's seine Anbaufl\u00e4che auf 3800 ha und besch\u00e4ftigt mehr als 1500 Mitarbeiter.<\/p>\n                            <\/div>\n                       <\/div>\n                <\/div>\n                                                <div class=\"fecha\">\n                        <div class=\"btn-timeline\" data-aos=\"sube-parrafo\">\n                        <h4 class=\"azul-claro bold fs55 link\">1994<\/h4>\n                        <\/div>\n                        <div class=\"contenedor\" data-aos=\"sube-parrafo\">\n                            <div class=\"img\" style=\"background-image:url('https:\/\/gsgrupo.com\/wp-content\/uploads\/2018\/10\/GES_historia_1994-1.jpg');\">\n                                <div data-aos=\"barre-foto\" data-aos-delay=\"300\" class=\"capa\"><\/div>\n                            <\/div>\n                            <div class=\"texto\" data-aos=\"sube-parrafo\">\n                                <p class=\"azul bold fs26\">G's erwirbt in Torre Pacheco (Murcia) das erste Erzeugnis Lager f\u00fcr Spanien. <\/p>\n                            <\/div>\n                       <\/div>\n                <\/div>\n                                                <div class=\"fecha\">\n                        <div class=\"btn-timeline\" data-aos=\"sube-parrafo\">\n                        <h4 class=\"azul-claro bold fs55 link\">2002<\/h4>\n                        <\/div>\n                        <div class=\"contenedor\" data-aos=\"sube-parrafo\">\n                            <div class=\"img\" style=\"background-image:url('https:\/\/gsgrupo.com\/wp-content\/uploads\/2018\/10\/GES_historia_2002-1.jpg');\">\n                                <div data-aos=\"barre-foto\" data-aos-delay=\"300\" class=\"capa\"><\/div>\n                            <\/div>\n                            <div class=\"texto\" data-aos=\"sube-parrafo\">\n                                <p class=\"azul bold fs26\">Kauf von Pascual Hermanos, S.A.<\/p>\n                            <\/div>\n                       <\/div>\n                <\/div>\n                                                                                <div class=\"fecha\">\n                        <div class=\"btn-timeline\" data-aos=\"sube-parrafo\">\n                        <h4 class=\"azul-claro bold fs55 link\">2010<\/h4>\n                        <\/div>\n                        <div class=\"contenedor\" data-aos=\"sube-parrafo\">\n                            <div class=\"img\" style=\"background-image:url('https:\/\/gsgrupo.com\/wp-content\/uploads\/2018\/10\/GES_historia_2010.jpg');\">\n                                <div data-aos=\"barre-foto\" data-aos-delay=\"300\" class=\"capa\"><\/div>\n                            <\/div>\n                            <div class=\"texto\" data-aos=\"sube-parrafo\">\n                                <p class=\"azul bold fs26\">Einf\u00fchrung der Marke .<\/p>\n                            <\/div>\n                       <\/div>\n                <\/div>\n                                                <div class=\"fecha\">\n                        <div class=\"btn-timeline\" data-aos=\"sube-parrafo\">\n                        <h4 class=\"azul-claro bold fs55 link\">2012<\/h4>\n                        <\/div>\n                        <div class=\"contenedor\" data-aos=\"sube-parrafo\">\n                            <div class=\"img\" style=\"background-image:url('https:\/\/gsgrupo.com\/wp-content\/uploads\/2018\/10\/GES_historia_2012-2.jpg');\">\n                                <div data-aos=\"barre-foto\" data-aos-delay=\"300\" class=\"capa\"><\/div>\n                            <\/div>\n                            <div class=\"texto\" data-aos=\"sube-parrafo\">\n                                <p class=\"azul bold fs26\">G's Fresh wird 60 Jahre alt.<\/p>\n                            <\/div>\n                       <\/div>\n                <\/div>\n                                \n                                <div class=\"fecha\">\n                        <div class=\"btn-timeline\" data-aos=\"sube-parrafo\">\n                        <h4 class=\"azul-claro bold fs55 link\">2014<\/h4>\n                        <\/div>\n                        <div class=\"contenedor\" data-aos=\"sube-parrafo\">\n                            <div class=\"img\" style=\"background-image:url('https:\/\/gsgrupo.com\/wp-content\/uploads\/2019\/03\/GS_Historia_2014.jpg');\">\n                                <div data-aos=\"barre-foto\" data-aos-delay=\"300\" class=\"capa\"><\/div>\n                            <\/div>\n                            <div class=\"texto\" data-aos=\"sube-parrafo\">\n                                <p class=\"azul bold fs26\">Guy Shropshire schliesst sich als Generaldirektor in das Unternehmen in Spanien an. Gr\u00fcndung von G's in Polen mit dem Anbau von Salat, Sellerie und Zwiebeln. Erweiterung der K\u00fchlkammern von G's Espa\u00f1a.<\/p>\n                            <\/div>\n                       <\/div>\n                <\/div>\n                \n                                <div class=\"fecha\">\n                        <div class=\"btn-timeline\" data-aos=\"sube-parrafo\">\n                        <h4 class=\"azul-claro bold fs55 link\">2015<\/h4>\n                        <\/div>\n                        <div class=\"contenedor\" data-aos=\"sube-parrafo\">\n                            <div class=\"img\" style=\"background-image:url('https:\/\/gsgrupo.com\/wp-content\/uploads\/2018\/10\/2015.jpg');\">\n                                <div data-aos=\"barre-foto\" data-aos-delay=\"300\" class=\"capa\"><\/div>\n                            <\/div>\n                            <div class=\"texto\" data-aos=\"sube-parrafo\">\n                                <p class=\"azul bold fs26\">G's Espa\u00f1a wird 30 Jahre alt. Akquisition von Agr\u00edcola 92 S.L. in Spanien. Er\u00f6ffnung des Betriebs La Coronela f\u00fcr Bioerzeugnisse in Spanien.<\/p>\n                            <\/div>\n                       <\/div>\n                <\/div>\n                \n                                <div class=\"fecha\">\n                        <div class=\"btn-timeline\" data-aos=\"sube-parrafo\">\n                        <h4 class=\"azul-claro bold fs55 link\">2016<\/h4>\n                        <\/div>\n                        <div class=\"contenedor\" data-aos=\"sube-parrafo\">\n                            <div class=\"img\" style=\"background-image:url('https:\/\/gsgrupo.com\/wp-content\/uploads\/2018\/09\/GES_Slider_thumbnail_Apio_stick18.jpg');\">\n                                <div data-aos=\"barre-foto\" data-aos-delay=\"300\" class=\"capa\"><\/div>\n                            <\/div>\n                            <div class=\"texto\" data-aos=\"sube-parrafo\">\n                                <p class=\"azul bold fs26\">Bau des neuen sanften Verarbeitungswerks auf dem Gel\u00e4nde von G's Espa\u00f1a in Torre Pacheco. Einf\u00fchrung von Love Beets in Asien. <\/p>\n                            <\/div>\n                       <\/div>\n                <\/div>\n                \n                \n                \n                \n                \n                \n                \n\n\n\n\n\n\n             <\/div>\n              <\/div><\/div><\/div><\/div>","protected":false},"excerpt":{"rendered":"<p>Unsere geschichte Wir bauen seit 1952 Erzeugnisse h\u00f6chster Qualit\u00e4t an. Durchsuchen 1952 Guy Shropshire startet mit 120 ha im britischen Fordey (Cambridgeshire). 1957 Erstes Waschen und Verpacken von Sellerie. 1960 Erweiterung von 300 auf 680 ha. Einf\u00fchrung der Marke G&#8217;s. 1970 Das Unternehmen geht vom Vater auf den Sohn \u00fcber. John Shropshire tritt G&#8217;s bei. [&hellip;]<\/p>\n","protected":false},"author":1,"featured_media":0,"parent":0,"menu_order":0,"comment_status":"closed","ping_status":"closed","template":"","meta":{"_acf_changed":false,"footnotes":""},"class_list":["post-8082","page","type-page","status-publish","hentry"],"acf":[],"_links":{"self":[{"href":"https:\/\/gsgrupo.com\/de\/wp-json\/wp\/v2\/pages\/8082","targetHints":{"allow":["GET"]}}],"collection":[{"href":"https:\/\/gsgrupo.com\/de\/wp-json\/wp\/v2\/pages"}],"about":[{"href":"https:\/\/gsgrupo.com\/de\/wp-json\/wp\/v2\/types\/page"}],"author":[{"embeddable":true,"href":"https:\/\/gsgrupo.com\/de\/wp-json\/wp\/v2\/users\/1"}],"replies":[{"embeddable":true,"href":"https:\/\/gsgrupo.com\/de\/wp-json\/wp\/v2\/comments?post=8082"}],"version-history":[{"count":22,"href":"https:\/\/gsgrupo.com\/de\/wp-json\/wp\/v2\/pages\/8082\/revisions"}],"predecessor-version":[{"id":9416,"href":"https:\/\/gsgrupo.com\/de\/wp-json\/wp\/v2\/pages\/8082\/revisions\/9416"}],"wp:attachment":[{"href":"https:\/\/gsgrupo.com\/de\/wp-json\/wp\/v2\/media?parent=8082"}],"curies":[{"name":"wp","href":"https:\/\/api.w.org\/{rel}","templated":true}]}}

<div id="pl-8082"  class="panel-layout" ><div id="pg-8082-0"  class="panel-grid panel-no-style" ><div id="pgc-8082-0-0"  class="panel-grid-cell" >              <div id="panel-8082-0-0-0" class="so-panel widget widget_modulo_cabecera panel-first-child" data-index="0" >              <div class="modulo cabecera externa">
                                <div class="titulo columna">
                    <h1>
                        <span class="azul fs26 light efecto" data-aos="sube" data-aos-duration="800">
                            Unsere geschichte                        </span>
                    </h1>
                     
                </div>
                 
                <div class="contenido columna efecto" data-aos="sube-parrafo" data-aos-duration="800" data-aos-delay="100">
                                 <h2 class="azul fs26 bold">Wir bauen seit 1952 Erzeugnisse höchster Qualität an.
</h2>
                 
                </div>
             </div>
              </div>              <div id="panel-8082-0-0-1" class="so-panel widget widget_modulo_timeline panel-last-child" data-index="1" >              <div class="modulo timeline">
                <div class="indicador">
                    <span class="azul fs26 light" data-aos="sube-parrafo" data-aos-duration="800">
                    Durchsuchen                    </span>
                    <div class="raya" data-aos="capa-vertical" data-aos-duration="1000">
                    </div>
                </div>
                                <div class="fecha">
                        <div class="btn-timeline" data-aos="sube-parrafo" >
                        <h4 class="azul-claro bold fs55 link">1952</h4>
                        </div>
                        <div class="contenedor">
                            <div class="img" style="background-image:url('https://gsgrupo.com/wp-content/uploads/2018/10/GES_historia_1952.jpg');">
                                <div data-aos="barre-foto" data-aos-delay="300" class="capa"></div>
                            </div>
                            <div class="texto" data-aos="sube-parrafo">
                                <p class="azul bold fs26">Guy Shropshire startet mit 120 ha im britischen Fordey (Cambridgeshire).</p>
                            </div>
                       </div>
                </div>
                                                                <div class="fecha">
                        <div class="btn-timeline" data-aos="sube-parrafo">
                        <h4 class="azul-claro bold fs55 link">1957</h4>
                        </div>
                        <div class="contenedor" data-aos="sube-parrafo">
                            <div class="img" style="background-image:url('https://gsgrupo.com/wp-content/uploads/2018/10/GES_conocenos_1957-5.jpg');">
                                <div data-aos="barre-foto" data-aos-delay="300" class="capa"></div>
                            </div>
                            <div class="texto" data-aos="sube-parrafo">
                                <p class="azul bold fs26">Erstes Waschen und Verpacken von Sellerie.</p>
                            </div>
                       </div>
                </div>
                                
                                <div class="fecha">
                        <div class="btn-timeline" data-aos="sube-parrafo">
                        <h4 class="azul-claro bold fs55 link">1960</h4>
                        </div>
                        <div class="contenedor" data-aos="sube-parrafo">
                            <div class="img" style="background-image:url('https://gsgrupo.com/wp-content/uploads/2018/10/GES_historia_1960-2.jpg');">
                                <div data-aos="barre-foto" data-aos-delay="300" class="capa"></div>
                            </div>
                            <div class="texto" data-aos="sube-parrafo">
                                <p class="azul bold fs26">Erweiterung von 300 auf 680 ha. Einführung der Marke G's.</p>
                            </div>
                       </div>
                </div>
                                                <div class="fecha">
                        <div class="btn-timeline" data-aos="sube-parrafo">
                        <h4 class="azul-claro bold fs55 link">1970</h4>
                        </div>
                        <div class="contenedor" data-aos="sube-parrafo">
                            <div class="img" style="background-image:url('https://gsgrupo.com/wp-content/uploads/2018/10/GES_historia_1970-1.jpg');">
                                <div data-aos="barre-foto" data-aos-delay="300" class="capa"></div>
                            </div>
                           <div class="texto" data-aos="sube-parrafo">
                                <p class="azul bold fs26">Das Unternehmen geht vom Vater auf den Sohn über. John Shropshire tritt G's bei. </p>
                            </div>
                       </div>
                </div>
                                                <div class="fecha">
                        <div class="btn-timeline" data-aos="sube-parrafo">
                        <h4 class="azul-claro bold fs55 link">1980</h4>
                        </div>
                        <div class="contenedor" data-aos="sube-parrafo">
                            <div class="img" style="background-image:url('https://gsgrupo.com/wp-content/uploads/2018/10/GES_historia_1980-1.jpg');">
                                <div data-aos="barre-foto" data-aos-delay="300" class="capa"></div>
                            </div>
                           <div class="texto" data-aos="sube-parrafo">
                                <p class="azul bold fs26">Erweiterung der Anbaufläche auf bis zu 2300 ha. Einführung des Anbaus von Eisbergsalat, Chinakohl und Little Gem. Peter Shropshire tritt in das Familienunternehmen ein.</p>
                            </div>
                       </div>
                </div>
                                                <div class="fecha">
                        <div class="btn-timeline" data-aos="sube-parrafo">
                        <h4 class="azul-claro bold fs55 link">1984</h4>
                        </div>
                        <div class="contenedor" data-aos="sube-parrafo">
                            <div class="img" style="background-image:url('https://gsgrupo.com/wp-content/uploads/2018/10/GES_historia_1984.jpg');">
                                <div data-aos="barre-foto" data-aos-delay="300" class="capa"></div>
                            </div>
                            <div class="texto" data-aos="sube-parrafo">
                                <p class="azul bold fs26">Einführung der Genossenschaft G's Growers sowie Bildung des ersten Marketingunternehmens der Gruppe und damit Einführung des neuen Logos </p>
                            </div>
                       </div>
                </div>
                                                <div class="fecha">
                        <div class="btn-timeline" data-aos="sube-parrafo">
                        <h4 class="azul-claro bold fs55 link">1985</h4>
                        </div>
                        <div class="contenedor" data-aos="sube-parrafo">
                            <div class="img" style="background-image:url('https://gsgrupo.com/wp-content/uploads/2018/10/GES_historia_1985-1.jpg');">
                                <div data-aos="barre-foto" data-aos-delay="300" class="capa"></div>
                            </div>
                            <div class="texto" data-aos="sube-parrafo">
                                <p class="azul bold fs26">Gründung der Tochtergesellschaft G's España.</p>
                            </div>
                       </div>
                </div>
                                                <div class="fecha">
                        <div class="btn-timeline" data-aos="sube-parrafo">
                        <h4 class="azul-claro bold fs55 link">1990</h4>
                        </div>
                        <div class="contenedor" data-aos="sube-parrafo">
                            <div class="img" style="background-image:url('https://gsgrupo.com/wp-content/uploads/2018/10/GES_historia_1990-4.jpg');">
                                <div data-aos="barre-foto" data-aos-delay="300" class="capa"></div>
                            </div>
                           <div class="texto" data-aos="sube-parrafo">
                                <p class="azul bold fs26">Zu Beginn des Jahrzehnts erweitert G's seine Anbaufläche auf 3800 ha und beschäftigt mehr als 1500 Mitarbeiter.</p>
                            </div>
                       </div>
                </div>
                                                <div class="fecha">
                        <div class="btn-timeline" data-aos="sube-parrafo">
                        <h4 class="azul-claro bold fs55 link">1994</h4>
                        </div>
                        <div class="contenedor" data-aos="sube-parrafo">
                            <div class="img" style="background-image:url('https://gsgrupo.com/wp-content/uploads/2018/10/GES_historia_1994-1.jpg');">
                                <div data-aos="barre-foto" data-aos-delay="300" class="capa"></div>
                            </div>
                            <div class="texto" data-aos="sube-parrafo">
                                <p class="azul bold fs26">G's erwirbt in Torre Pacheco (Murcia) das erste Erzeugnis Lager für Spanien. </p>
                            </div>
                       </div>
                </div>
                                                <div class="fecha">
                        <div class="btn-timeline" data-aos="sube-parrafo">
                        <h4 class="azul-claro bold fs55 link">2002</h4>
                        </div>
                        <div class="contenedor" data-aos="sube-parrafo">
                            <div class="img" style="background-image:url('https://gsgrupo.com/wp-content/uploads/2018/10/GES_historia_2002-1.jpg');">
                                <div data-aos="barre-foto" data-aos-delay="300" class="capa"></div>
                            </div>
                            <div class="texto" data-aos="sube-parrafo">
                                <p class="azul bold fs26">Kauf von Pascual Hermanos, S.A.</p>
                            </div>
                       </div>
                </div>
                                                                                <div class="fecha">
                        <div class="btn-timeline" data-aos="sube-parrafo">
                        <h4 class="azul-claro bold fs55 link">2010</h4>
                        </div>
                        <div class="contenedor" data-aos="sube-parrafo">
                            <div class="img" style="background-image:url('https://gsgrupo.com/wp-content/uploads/2018/10/GES_historia_2010.jpg');">
                                <div data-aos="barre-foto" data-aos-delay="300" class="capa"></div>
                            </div>
                            <div class="texto" data-aos="sube-parrafo">
                                <p class="azul bold fs26">Einführung der Marke .</p>
                            </div>
                       </div>
                </div>
                                                <div class="fecha">
                        <div class="btn-timeline" data-aos="sube-parrafo">
                        <h4 class="azul-claro bold fs55 link">2012</h4>
                        </div>
                        <div class="contenedor" data-aos="sube-parrafo">
                            <div class="img" style="background-image:url('https://gsgrupo.com/wp-content/uploads/2018/10/GES_historia_2012-2.jpg');">
                                <div data-aos="barre-foto" data-aos-delay="300" class="capa"></div>
                            </div>
                            <div class="texto" data-aos="sube-parrafo">
                                <p class="azul bold fs26">G's Fresh wird 60 Jahre alt.</p>
                            </div>
                       </div>
                </div>
                                
                                <div class="fecha">
                        <div class="btn-timeline" data-aos="sube-parrafo">
                        <h4 class="azul-claro bold fs55 link">2014</h4>
                        </div>
                        <div class="contenedor" data-aos="sube-parrafo">
                            <div class="img" style="background-image:url('https://gsgrupo.com/wp-content/uploads/2019/03/GS_Historia_2014.jpg');">
                                <div data-aos="barre-foto" data-aos-delay="300" class="capa"></div>
                            </div>
                            <div class="texto" data-aos="sube-parrafo">
                                <p class="azul bold fs26">Guy Shropshire schliesst sich als Generaldirektor in das Unternehmen in Spanien an. Gründung von G's in Polen mit dem Anbau von Salat, Sellerie und Zwiebeln. Erweiterung der Kühlkammern von G's España.</p>
                            </div>
                       </div>
                </div>
                
                                <div class="fecha">
                        <div class="btn-timeline" data-aos="sube-parrafo">
                        <h4 class="azul-claro bold fs55 link">2015</h4>
                        </div>
                        <div class="contenedor" data-aos="sube-parrafo">
                            <div class="img" style="background-image:url('https://gsgrupo.com/wp-content/uploads/2018/10/2015.jpg');">
                                <div data-aos="barre-foto" data-aos-delay="300" class="capa"></div>
                            </div>
                            <div class="texto" data-aos="sube-parrafo">
                                <p class="azul bold fs26">G's España wird 30 Jahre alt. Akquisition von Agrícola 92 S.L. in Spanien. Eröffnung des Betriebs La Coronela für Bioerzeugnisse in Spanien.</p>
                            </div>
                       </div>
                </div>
                
                                <div class="fecha">
                        <div class="btn-timeline" data-aos="sube-parrafo">
                        <h4 class="azul-claro bold fs55 link">2016</h4>
                        </div>
                        <div class="contenedor" data-aos="sube-parrafo">
                            <div class="img" style="background-image:url('https://gsgrupo.com/wp-content/uploads/2018/09/GES_Slider_thumbnail_Apio_stick18.jpg');">
                                <div data-aos="barre-foto" data-aos-delay="300" class="capa"></div>
                            </div>
                            <div class="texto" data-aos="sube-parrafo">
                                <p class="azul bold fs26">Bau des neuen sanften Verarbeitungswerks auf dem Gelände von G's España in Torre Pacheco. Einführung von Love Beets in Asien. </p>
                            </div>
                       </div>
                </div>
                
                
                
                
                
                
                






             </div>
              </div></div></div></div>

<p>Unsere geschichte Wir bauen seit 1952 Erzeugnisse höchster Qualität an. Durchsuchen 1952 Guy Shropshire startet mit 120 ha im britischen Fordey (Cambridgeshire). 1957 Erstes Waschen und Verpacken von Sellerie. 1960 Erweiterung von 300 auf 680 ha. Einführung der Marke G&#8217;s. 1970 Das Unternehmen geht vom Vater auf den Sohn über. John Shropshire tritt G&#8217;s bei. [&hellip;]</p>
